by -3 + -1 + (6 - -1).
0
Let g = 55 + -36. Let v = 13 + -8. What is the remainder when g is divided by v?
4
Let z be (12/10)/((-21)/280). Let p = 29 + z. Calculate the remainder when 50 is divided by p.
11
Let o(z) = 4 - 4 + 2*z**2 + z. Let w(x) = x**3 - 5*x**2 + 4*x + 1. Calculate the remainder when o(-1) is divided by w(4).
0
Let z be 0 + 2 - 6 - -3. Let j(m) = -46*m**3 + 2*m**2 + m. Calculate the remainder when j(z) is divided by 16.
15
Suppose 2*i + 5*l = 30, -4*i = 3*l + l - 36. Suppose -i*g = -4*g + 1. Calculate the remainder when 9 is divided by ((-5)/4)/g*4.
4
Suppose -5*q - 5*t = -43 - 12, -4*q - t = -47. Suppose -v = -5*m + 2*v + q, 2*v = -3*m + 11. Calculate the remainder when 3 is divided by m.
0
Suppose 35 = 3*r - 16. Let v = 25 - r. What is the remainder when 6/3 + (11 - -1) is divided by v?
6
Suppose 4*c - 4*f = 84, -6*c = -3*c + f - 43. Let j(q) = -2 + 2 + q - 1. Calculate the remainder when c is divided by j(7).
4
Calculate the remainder when ((-10)/6 - 1)*-33 is divided by 18.
16
Let w be (56/10)/(2/(-10)). Let b = -8 - w. What is the remainder when b is divided by 11?
9
Suppose -r + 3*r = 90. Suppose k = 2*q - 5, -2*q - k - 1 = -8. Calculate the remainder when r is divided by 21 - q/6*-4.
22
Suppose 3*g = -4*c + 46, 3*c = 3*g + 2*g - 67. Calculate the remainder when g is divided by 2.
0
Suppose -3*c - 36 = -5*g, 4*g - 5*c = 3*g - 6. Suppose -g = -4*q + 3. Suppose 62 = q*o + 4*d, d - 76 = -4*o - d. What is the remainder when 53 is divided by o?
17
Let y(r) = -11*r - 2. Let g(d) = 21*d + 3. Let l(x) = 6*g(x) + 10*y(x). Let v be l(2). Calculate the remainder when 2/5 - (-648)/v is divided by 8.
6
Suppose 2*q - 5*g - 45 = 0, 5*g - 2 - 13 = -2*q. Let p = q - -15. What is the remainder when p is divided by -2*5/((-10)/8)?
6
Let n(t) = t**2 + 8*t - 2. Let w = 325 - 195. Suppose 24 = -2*u + w. Calculate the remainder when u is divided by n(-10).
17
Suppose 11*q = 6*q + 205. What is the remainder when q is divided by 14?
13
Let g(j) = -2*j. Let y be g(-1). Let r be (4 + y + -2)*1. Suppose -5 - 7 = -r*v. Calculate the remainder when v is divided by 2.
1
Let m be 0 - (1 + -1 - 0). Suppose m = 5*k + 7 - 67. Calculate the remainder when 4 is divided by (2/(-6))/((-2)/k).
0
Let j = -62 - -93. Calculate the remainder when 153 is divided by j.
29
Let l = 30 + 26. Suppose 4*y - l = 28. Calculate the remainder when 3 + -1 + -1 + y is divided by 8.
6
Calculate the remainder when 1*34/6*6 is divided by (-81)/(-3)*5/15.
7
Calculate the remainder when 19 is divided by (1/1)/(34/(-7) - -5).
5
Let x = 32 - 26. What is the remainder when 22 is divided by x?
4
Let p(u) = 2*u**2 - 4*u - 2. Let h be p(-3). Suppose 4*i - h - 16 = 0. Calculate the remainder when 43 is divided by i.
10
Suppose -49 = -5*b + 2*m + 36, 34 = 2*b + 3*m. What is the remainder when 67 is divided by b?
16
Suppose -3*r = 5*j - 126, 3*j - 4*r = -r + 90. Let x = j - 14. Calculate the remainder when 49 is divided by x.
10
Let h be 1/(-2)*-8*4. Suppose -79 = -5*o + h. What is the remainder when o is divided by 10?
9
Let j(t) = 5*t + 17. Calculate the remainder when j(6) is divided by 17.
13
Suppose -j = 3*u - 5, -4 - 2 = 2*u. Calculate the remainder when 40 is divided by j.
12
Let l be 1/5 - (-38)/10. Let t be 6/10 + l/10. Let m = t - -4. What is the remainder when 8 is divided by m?
3
Suppose 4*i - 8 - 36 = 0. Let s(q) = -q**3 + 10*q**2 + 12*q. Calculate the remainder when 20 is divided by s(i).
9
Let h = -26 + 34. What is the remainder when 30 is divided by h?
6
Let c(x) = -x**2 + 4*x + 3. Let t be c(5). Suppose 0 = -2*f - 0*f - 5*r + 3, -2*r = 2. What is the remainder when (t/f)/(1/(-16)) is divided by 3?
2
Let z(d) = -19*d + 7. Let v(n) = -1. Let i = 5 - -1. Let w(x) = i*v(x) + z(x). Calculate the remainder when w(-1) is divided by 7.
6
Suppose -3 - 19 = -u. Let b(l) = -l**3 + 3*l**2 + 4*l. Suppose 2*f - 2 - 4 = 0. What is the remainder when u is divided by b(f)?
10
Suppose 2*p - 24 = 3*q, 0 = 3*p + 4*q - 2*q - 49. What is the remainder when 74 is divided by p?
14
Let p = -15 - -20. Calculate the remainder when (1 + 5 - -3) + 0 is divided by p.
4
Let s = -8 + 13. Let j = 0 + s. Suppose -68 = -j*d + 17. What is the remainder when d is divided by 6?
5
Suppose -3*c = -4*c + j + 23, 3*c + 4*j - 62 = 0. What is the remainder when 61 + (-2 - (-1 - 4)) is divided by c?
20
Calculate the remainder when 19 is divided by -4 + (-9)/((-36)/56).
9
Let g(a) = 2*a + 22. Let n be g(-9). Suppose -n*c = 2*p - 24, c + 2 = -4*p + 1. Calculate the remainder when 13 is divided by c.
6
Suppose 0 = 5*i - 17 - 3. Let q(z) = -z - 8. Let k be q(-9). Let y = k + i. What is the remainder when y is divided by 3?
2
Let l = 110 + -76. Let f = -24 + l. Calculate the remainder when 17 is divided by f.
7
Let z(a) = 10*a - 2*a + a**2 + a**2 - a**2 + 4. Calculate the remainder when 24 is divided by z(-9).
11
Let a(g) = g**3 - 15*g**2 - 60*g + 6. What is the remainder when a(19) is divided by 52?
50
Let b be (-1)/1 + (0 - -7). Suppose -3*i + n + 13 = -b*i, 5*i + 11 = n. Calculate the remainder when 11 is divided by 8/6*(i - -6).
3
Let r(c) = 4*c**2 - 3*c + 17. Calculate the remainder when r(6) is divided by 29.
27
Suppose -w + 3*j + 0*j = 0, -5*j = -4*w. Suppose 0 = d - 4*n - 57, -3*d + n + w*n = -138. Calculate the remainder when d is divided by 16.
13
Calculate the remainder when (-5)/(30/(-927)) - 1/2 is divided by 31.
30
Suppose -11 = -4*t + 73. Calculate the remainder when 81 is divided by t.
18
Let u(i) = -i**2 - 9*i - 9. Suppose 6 + 2 = -s. Let b be u(s). Calculate the remainder when 13 is divided by (3*b)/((-15)/25).
3
Let s(o) = o + 4. Let f be s(-3). Suppose 0 = -y + f + 84. Calculate the remainder when y is divided by 29.
27
Let p(m) = m**3 + 10*m**2 + 9*m + 4. Let r be p(-9). Calculate the remainder when 38 is divided by (1 - -1)/(r/40).
18
Let s(d) = d**2 + 3*d - 2. Let z be s(-4). Suppose z*w = 5*w - 45. What is the remainder when 59 is divided by w?
14
Let m(z) = 3*z**2 + 15*z. What is the remainder when 86 is divided by m(-6)?
14
Let w(t) = -t**3 + 4*t**2 - t + 2. Suppose 2*b - 3*c = 16, 3*c + 2 = -4*b - 2. Let y be w(b). Suppose -2 = q - y. What is the remainder when 11 is divided by q?
5
Suppose 2*p = 3*p + 44. What is the remainder when 44 is divided by (-652)/p + (-4)/(-22)?
14
Suppose -4*q = -0*q + 2*y - 32, -q + y = -8. Calculate the remainder when 16/4*50/q is divided by 14.
11
Let b = -82 + 148. Suppose -3*x = -42 - b. Calculate the remainder when x is divided by 19.
17
Suppose 0*o + 2*o - 30 = 0. What is the remainder when 42 is divided by o?
12
Suppose y + 2*y - 102 = 0. What is the remainder when y is divided by 9?
7
Let v(c) = c**2 + 2*c. Let q be v(6). Suppose -z + 3*z - 76 = -2*n, -5*n = -2*z + q. Suppose 8 = -4*m + 56. Calculate the remainder when z is divided by m.
10
Suppose -5*s = 2*m - 67 + 6, -5*m = 5*s - 70. Calculate the remainder when 28 is divided by s.
6
Suppose 49 - 9 = 2*a. Let g = 49 - -1. Suppose -4*r = 3*w - 45, -r + g = 4*w + r. What is the remainder when a is divided by w?
9
Suppose 12 = -3*w + 63. What is the remainder when w is divided by 1/(-2) + (-152)/(-16)?
8
Suppose -g - 7 = 5*q + 15, 8 = -4*g - 4*q. Suppose -g*z + 7*z - 24 = 0. Calculate the remainder when z is divided by 3.
0
Let t(k) = k + 1. Let p(i) = -2*i - 9. Let m(z) = p(z) + 4*t(z). Calculate the remainder when 43 is divided by m(8).
10
Suppose -4 = -4*m - 16, -p + 4*m + 34 = 0. Suppose -f = -p - 11. What is the remainder when f is divided by 18?
15
Suppose -2*r + r = n - 7, -5*r = -n + 1. Suppose -4*z = -2 - n. What is the remainder when z is divided by 1?
0
Let b = 0 - -3. Suppose -t + 1 - 7 = -4*u, 0 = 3*u - t - 5. Suppose -u + 5 = c. What is the remainder when c is divided by b?
1
Suppose 3*s + 4*w - 45 = 0, -s = -0*s + 3*w - 10. Let c(f) = 56*f**2 - 1. What is the remainder when c(1) is divided by s?
17
Suppose 16 + 5 = 3*c. What is the remainder when 13 is divided by c?
6
Let l be (40/6)/((-2)/(-27)). Suppose -3*d - l = 5*h, 2*d + 131 = -2*d - 3*h. What is the remainder when 1*2/(-2) - d is divided by 9?
7
Suppose 5*b - 8*b = -222. What is the remainder when b is divided by 25?
24
Calculate the remainder when (1/2)/(4/88) is divided by 7.
4
Let u = -18 + 27. Calculate the remainder when 17 is di